0. Give r(-6).
-14
Let v(f) = f**2 - 10*f + 6. Calculate v(7).
-15
Let l(v) = v**3 + v**2 - 2. Calculate l(-2).
-6
Let j(z) = 45*z - 690. Calculate j(15).
-15
Let b(q) = q**3 + 14*q**2 - 19*q - 5. Determine b(-15).
55
Let k(i) = -4*i. Determine k(-3).
12
Let g(s) = s**2 + 7*s + 2. Determine g(-6).
-4
Let f(y) = -y**2 - 4*y + 15. Calculate f(-5).
10
Let i(c) = c**3 + 9*c**2 + 4*c + 30. Calculate i(-9).
-6
Let j(z) = -2*z**2 - z - 6. What is j(-5)?
-51
Let a(n) = -n. Determine a(-8).
8
Let u(a) = -2*a**3 - a**2 - a - 4. What is u(-2)?
10
Let r(b) = 4*b - 23. Calculate r(8).
9
Let o(z) = -z**2 + 16*z - 53. Determine o(10).
7
Let m(j) = -10*j**2 - 2*j - 2. What is m(-3)?
-86
Let b(y) = 3*y - 55. Determine b(14).
-13
Let m(o) = 2*o + 17. Give m(-4).
9
Let l(h) = h**3 - 28*h**2 + 7. Give l(28).
7
Let z(s) = -2*s**3 - 7*s**2 - 8*s - 3. Determine z(-4).
45
Let s(n) = n**3 + 5*n**2 + 6*n + 6. Calculate s(-4).
-2
Let q(m) = -m**3 - 2*m**2 + 3*m + 8. Give q(0).
8
Let v(g) = -g**3 - 5*g**2 - 3*g - 5. Determine v(-2).
-11
Let o(i) = 3*i + 2. What is o(1)?
5
Let v(m) = m**2 - 27*m + 181. What is v(10)?
11
Let v(r) = -r**2 + 27*r - 20. Determine v(19).
132
Let p(o) = -2*o**3 - 18*o**2 + 28*o + 346. Give p(-8).
-6
Let s(x) = 2*x - 9. Determine s(9).
9
Let j(s) = 14*s + 7. Give j(3).
49
Let t(c) = 5*c - 6. Determine t(5).
19
Let l(c) = c**2 + 8*c - 2. Calculate l(-12).
46
Let x(h) = -h + 6. Calculate x(2).
4
Let m(l) = -l**3 - l**2 + 2*l + 2. Give m(3).
-28
Let g(o) = 6*o - 31. Calculate g(-12).
-103
Let a(f) = f**3 - 8*f**2 + 8*f + 3. What is a(7)?
10
Let k(z) = -z**3 + 4*z**2 + 6*z + 7. Determine k(6).
-29
Let x(h) = 13*h + 134. Calculate x(-25).
-191
Let w(r) = 9*r - 6. Give w(-2).
-24
Let g(j) = 2*j + 11. What is g(8)?
27
Let r(h) = -21*h**2 + 2*h + 2. What is r(-1)?
-21
Let x(o) = -o**3 + 15*o**2 + 14*o + 53. Calculate x(16).
21
Let b(m) = -m**3 - 11*m**2 - 12*m - 3. What is b(-10)?
17
Let t(y) = 18*y + 88. What is t(-4)?
16
Let h(s) = 5*s. Determine h(-1).
-5
Let s(i) = -28*i - 247. Give s(-9).
5
Let y(p) = -10*p + 30. What is y(9)?
-60
Let r(w) = 3*w + 11. Give r(-22).
-55
Let x(z) = -3*z - 25. Determine x(-4).
-13
Let g(p) = 6*p**3 - 179*p**2 - 29*p - 38. Give g(30).
-8
Let i(b) = b**2 - 15*b - 1. Give i(15).
-1
Let g(b) = 2*b + 11. What is g(9)?
29
Let a(z) = -z**3 - 9*z**2 - 8*z + 3. Determine a(-8).
3
Let b(o) = 4*o**2 + o - 17. Give b(-4).
43
Let y(z) = -z**2 + 5*z + 7. Determine y(6).
1
Let z(s) = 3*s**2 - 2*s - 6. Give z(-4).
50
Let s(z) = 3*z**3 + 3*z**2 - 6*z + 4. Give s(2).
28
Let t(o) = o**2 - 12*o + 13. Give t(10).
-7
Let c(x) = -x**3 + 45*x**2 - 5*x + 225. What is c(45)?
0
Let b(n) = -2*n + 3. Give b(-2).
7
Let b(f) = -3*f**2 - 7*f - 22. Give b(-5).
-62
Let t(m) = m**2 + m - 1. Determine t(1).
1
Let j(z) = -4*z + 13. What is j(8)?
-19
Let x(g) = g**2 + 11*g. Give x(-11).
0
Let j(h) = -2*h + 8. Calculate j(9).
-10
Let d(t) = 17*t - 2. Give d(1).
15
Let y(u) = u**3 - 2*u**2 + 3*u - 14. What is y(0)?
-14
Let y(f) = -f**3 + 12*f**2 - 6*f - 14. Determine y(11).
41
Let h(w) = -17*w - 141. Give h(-9).
12
Let j(u) = 3*u**2 - 12*u - 2. Calculate j(4).
-2
Let z(m) = m**3 + 18*m**2 + 60*m - 58. Determine z(-13).
7
Let a(b) = b**3 + 21*b**2 - 24*b - 49. Calculate a(-22).
-5
Let z(k) = k**3 - 24*k**2 - 20. Determine z(24).
-20
Let d(f) = f**3 + 8*f**2 + f + 2. Give d(-8).
-6
Let z(u) = -u**3 - 10*u**2 - 7*u - 1. What is z(-9)?
-19
Let z(g) = g**2 - 9*g + 24. Give z(10).
34
Let x(n) = -n**2 + 8*n - 6. What is x(5)?
9
Let l(s) = s**3 - 41*s**2 - 45*s + 130. Determine l(42).
4
Let a(z) = -z**3 + 10*z**2 - 9*z - 9. Calculate a(9).
-9
Let t(b) = b**3 + 4*b**2 + 4*b + 1. What is t(-3)?
-2
Let s(i) = 3*i**3 - 2*i**2 + i + 1. Give s(-2).
-33
Let n(m) = -125*m**2 + 2*m. Calculate n(1).
-123
Let f(r) = -r**3 + 12*r**2 - 10*r + 10. Determine f(11).
21
Let r(d) = d**3 + 14*d**2 - 15*d + 6. What is r(-15)?
6
Let q(u) = -3*u**2 - 9*u - 10. Give q(-2).
-4
Let m(w) = 11*w + 61. Give m(-5).
6
Let n(k) = k**3 - 10*k**2 - 10*k - 15. Determine n(11).
-4
Let l(w) = -w**3 + 10*w**2 - 5*w + 22. Give l(9).
58
Let h(r) = 37*r + 3. Determine h(1).
40
Let f(g) = -11*g**3 - 4*g**2 - 5*g. What is f(-2)?
82
Let w(l) = -l**3 + l**2 + l - 12. Give w(0).
-12
Let q(i) = i - 6. Determine q(11).
5
Let d(l) = 8*l - 10. Calculate d(6).
38
Let f(a) = -a**2 - 10*a + 7. Determine f(-11).
-4
Let d(r) = -3*r**2 + 3*r + 3. What is d(2)?
-3
Let l(y) = -y**3 + 7*y**2 + 2*y - 13. What is l(7)?
1
Let x(v) = v + 2. Calculate x(2).
4
Let s(g) = -g**3 + 28*g**2 - 30*g + 75. Calculate s(27).
-6
Let f(m) = 4*m**2 + 2*m + 1. Calculate f(3).
43
Let w(i) = i**3 + i**2 + 2*i + 3. Give w(-2).
-5
Let s(j) = j + 22. Determine s(-37).
-15
Let h(r) = 3*r**2 + 3*r + 2. Give h(-2).
8
Let y(g) = g**3 - 5*g**2 - 2*g + 3. Determine y(4).
-21
Let r(u) = -u**2 + 6*u + 11. Give r(10).
-29
Let u(o) = -5*o - 19. Determine u(-12).
41
Let z(l) = -l**3 + 7*l**2 - 3*l - 20. Calculate z(6).
-2
Let y(n) = 2*n**3 - 45*n**2 + 22*n + 4. Determine y(22).
4
Let x(b) = -3*b - 11. Calculate x(8).
-35
Let g(w) = -w**3 - w**2 + 3*w - 3. What is g(-3)?
6
Let s(g) = -21*g - 417. Calculate s(-21).
24
Let o(p) = -p**2 - 11*p + 6. Calculate o(-8).
30
Let u(b) = -10*b**3 + b + 1. Determine u(-1).
10
Let x(w) = -w**3 + 5*w**2 + 3*w - 8. Determine x(6).
-26
Let p(m) = -m**3 + 5*m**2 - 2*m - 6. What is p(2)?
2
Let b(k) = k**2 - 23. Determine b(5).
2
Let q(u) = 47*u - 137. Determine q(3).
4
Let l(g) = -g**3 - 4*g**2 - g. Give l(-3).
-6
Let h(x) = x**3 + 33*x**2 + x + 29. What is h(-33)?
-4
Let x(j) = -j**3 + 8*j**2 + 27*j - 163. Give x(9).
-1
Let z(x) = x**3 + 9*x**2 + 7*x - 27. Calculate z(-9).
-90
Let m(q) = 5*q + 6. What is m(4)?
26
Let p(k) = -5*k**2 - 11*k - 23. Calculate p(-5).
-93
Let u(d) = -d**3 + 4*d**2 + 19*d + 7. Calculate u(7).
-7
Let z(k) = -14*k - 2. Give z(6).
-86
Let u(h) = -18*h - 30. What is u(-4)?
42
Let v(m) = 9*m - 33. What is v(2)?
-15
Let a(r) = r - 1. Determine a(9).
8
Let w(c) = -c**2 + 8*c - 7. What is w(5)?
8
Let o(i) = i - 11. Give o(6).
-5
Let z(v) = v**3 + 13*v**2 - 10*v - 28. Determine z(-14).
-84
Let t(l) = l**3 - 7*l**2 - 10*l + 13. What is t(8)?
-3
Let j(a) = -a**3 + 16*a**2 + 3*a - 22. Give j(16).
26
Let w(i) = -i**2 - 9*i + 18. What is w(-14)?
-52
Let v(x) = -37*x + 4. Give v(0).
4
Let k(m) = m**3 + 7*m**2 - m + 7. Determine k(-7).
14
Let g(u) = -2*u**2 - 37*u + 25. Give g(-19).
6
Let i(c) = -c**2 - 26*c - 82. Calculate i(-4).
6
Let k(q) = q**3 + q**2 + 5*q - 32. Calculate k(0).
-32
Let y(g) = -g**2 + 9*g - 7. Give y(7).
7
Let g(t) = t**2 + 10*t + 18. Determine g(-6).
-6
Let l(f) = -f**3 + 26*f**2 + 56*f + 1. What is l(28)?
1
Let b(q) = 2*q - 37. What is b(0)?
-37
Let r(v) = -v + 16. What is r(4)?
12
Let f(w) = 3*w**2 - 5*w + 2. Determine f(4).
30
Let l(r) = 5*r**2 + 23*r + 8. Calculate l(-4).
-4
Let z(x) = 4*x**3 - 15*x**2 + x + 7. Determine z(5).
137
Let h(f) = f**3 - 18*f**2 - 19*f + 1. Give h(19).
1
Let j(u) = -7*u + 10. Calculate j(-3).
31
Let q(d) = 2*d**3 + 19*d**2 - 12*d - 15. Calculate q(-10).
5
Let c(b) = 15*b + 1. Calculate c(-3).
-44
Let x(k) = k**3 - 5*k**2 + 7*k - 5. What is x(2)?
-3
Let i(y) = y**3 - 6*y**2 - 2*y - 16. Determine i(7).
19
Let z(y) = 13*y + 17. Give z(-2).
-9
Let n(c) = 3*c - 4. What is n(4)?
8
Let i(q) = q**3 + 6*q**2 - 3*q - 9. Calculate i(-6).
9
Let k(x) = 2*x**3 - 43*x**2 - 23*x + 28. Give k(22).
6
Let a(z) = -z**2 + 3*z - 7. Determine a(2).
-5
Let x(a) = 2*a**2 + 6*a - 4. Determine x(-5).
16
Let m(d) = -d**2 + d - 15. Give m(0).
-15
Let g(a) = -a**3 - 5*a**2 - 2. Determine g(-5).
-2
Let r(z) = z**3 - 3*z**2 - 4*z + 3. Give r(4).
3
Let x(m) = m**3 - 9*m**2 - 12*m + 4. Determine x(10).
-16
Let b(u) = -u**3 - 9*u**2 - 11*u - 2. What is b(-9)?
97
Let s(i) = -23*i + 18. Determine s(3).
-51
Let i(a) = 2*a**3 + 31*a**2 + 16*a + 8. Calculate i(-15).
-7
Let q(a) = 7*a**3 + a**2 + 7*a + 6. Give q(-1).
-7
Let k(r) = 2*r - 93. Determine k(44).
-5
Let i(m) = -m**3 + m**2 + m + 66. Calculate i(0).
66
Let w(q) = -33*q - 163. What is w(-6)?
35
Let s(z) = -z**2 - 15*z - 6. Give s(-18).
-60
Let c(m) = m**3 + 16*m**2 + 15*m - 7. Give c(-15).
-7
Let v(w) = -w**3 + 12*w**2 - 20*w + 9. Calculate v(10).
9
Let w(u) = -u**2 - 10*u - 14. Determine w(-10).
-14
Let f(m) = 6*m**3 - m**2 + 7*m + 7. Wha